7
Suppose -7*i + 4*i + 2*o - 2460 = 0, -4*i - 3297 = 3*o. Let d = i - -2267. What is the tens digit of d?
4
Suppose -59*h = -47*h + 48. Let y(t) = -216*t - 95. What is the tens digit of y(h)?
6
Let b = -21 + 25. Let i(h) = 14 - h + h**2 - 3*h**3 + b*h**3 + 4*h - 7*h**2. What is the units digit of i(7)?
4
Let l(s) = 90*s**2 + 461*s + 3662. What is the hundreds digit of l(-8)?
7
Let n(o) = -o**3 - 30*o**2 + 96*o - 108. What is the hundreds digit of n(-36)?
2
Let l(c) = c**2 + 36*c - 73. Let n be l(-38). Suppose n*m = -18*m + 13020. What is the hundreds digit of m?
6
Let b(o) = -o + 18. Let p be b(6). Let m(y) = -4*y + 38. Let v be m(p). Let g(i) = 3*i**3 + 32*i**2 + 15*i + 14. What is the tens digit of g(v)?
6
Suppose 709 = 4*z - n + 6*n, -3*n = 4*z - 715. Let c = z + 109. What is the tens digit of c?
9
Let y be (60/80)/((-3)/(-8)). What is the units digit of (176/132)/(y/117)?
8
Suppose -g - 2 = b - 2*b, -11 = -4*b + g. Suppose -3*l + 1440 = b*l. What is the hundreds digit of l?
2
Suppose 194 = 5*p - 176. Suppose 13*a + 22 = p. Suppose 4*q = -4*j + 88, a*q = q + j + 58. What is the tens digit of q?
2
Let a(o) = -2*o**2 - 25*o + 1. Let g be a(-13). Let x(i) = -56*i + 34. What is the hundreds digit of x(g)?
7
Suppose -4*k = -2*y + 34117 - 5065, -2*k - 12 = 0. What is the thousands digit of y?
4
Suppose -2*q + 59518 = 80*z - 76*z, z + q = 14881. What is the tens digit of z?
7
Suppose p = -3*s - p + 23, 2*s + p = 14. Suppose -23 = -s*j + a, a - 6*a = -j - 5. Suppose 5*t + 3*q + q - 26 = 0, -q - 6 = -j*t. What is the units digit of t?
2
Suppose -62131 - 139157 = 1141*n - 1153*n. What is the units digit of n?
4
Let m(h) = 47*h - 59. Let t be m(-1). Suppose 0 = -5*d + 3*r - 0*r + 692, -3*d + 421 = 4*r. Let n = t + d. What is the units digit of n?
3
Let y = -157 - -288. Let f = 119 - y. Let m(b) = 2*b**2 + 20*b + 27. What is the tens digit of m(f)?
7
Let x be 2 - (-4)/10*(-76 + 1). Let t(n) = n**3 + 27*n**2 - 28*n + 29. What is the tens digit of t(x)?
2
Let c = -1099 - -2617. What is the hundreds digit of c?
5
Let o(x) = -19*x**3 + x**2 - 3*x - 1. Suppose 225 - 229 = 2*s. What is the hundreds digit of o(s)?
1
Suppose 0*v + 3*v = -3*h + 1599, 0 = h + 2*v - 529. Suppose 0 = -9*d + h + 561. What is the tens digit of d?
2
Suppose 0 = 2*a + 8, 5*t + 0 = -a - 19. Let v(w) = 43*w**2 + 13*w + 22. What is the tens digit of v(t)?
7
Suppose 4*v + 10*n = 9*n - 13, -2*v + 7 = 5*n. What is the tens digit of (-9328)/(-24) + v/6?
8
Suppose 0 = -7*t + 138 - 19. Suppose -t*s + 12*s = -10. Suppose -3*b - 7*f + 247 = -2*f, -s*b = 4*f - 162. What is the units digit of b?
9
Let s(d) = 153*d + 398. What is the hundreds digit of s(17)?
9
Suppose -2*f = -k + 223 - 744, -525 = -2*f - 3*k. Let j = f + -96. What is the tens digit of j?
6
What is the tens digit of 6/3*31153 + -12?
9
Suppose y = -7*y + 2112. Suppose i - y = -187. What is the tens digit of i?
7
Let v = 2454 + -2451. Let k(w) = 4*w - 2. Let o be k(2). Suppose q - p = o, -v*q + 2*p = -2*q - 7. What is the units digit of q?
5
Suppose 275480 = 57*a + 71*a - 888808. What is the thousands digit of a?
9
Let c(z) = 2*z - 2. Let v(g) = -4*g - 22. Let i(l) = 10*c(l) - v(l). What is the units digit of i(22)?
0
Suppose -296 = 3*a + 4*u, 0 = 3*a - 2*u + 184 + 82. What is the units digit of (-53981)/a + 10/8?
8
Let s(c) = -7*c**3 - c**2 - 7*c - 6. Let j be (-3)/1 + 0/1. What is the tens digit of s(j)?
9
Suppose -4*p + 28 - 12 = 0. Suppose w + p*w = 40. Suppose -w*t + 6*t + 218 = 0. What is the tens digit of t?
0
Let l(u) = -7891*u**3 + u**2 - 31*u - 33. What is the hundreds digit of l(-1)?
8
Let h = -358 + 363. Suppose -3*j = h*x - 0*j - 235, 3*j = 3*x - 141. What is the units digit of x?
7
Suppose 157*l = 157684 + 84881. What is the hundreds digit of l?
5
Let n be 468/130 - 4/(-10). Let s(o) = 8*o**3 - 3*o**2 + o. What is the hundreds digit of s(n)?
4
Let x(d) = -d**3 + 9*d**2 - 3*d - 2. Let f = 0 + -2. Let o(j) = -6*j - 6. Let r be o(f). What is the tens digit of x(r)?
8
Let r be 2/14 - 22650/(-14). Let s = -888 + r. What is the tens digit of s?
3
Let d(v) = 4*v + 6*v + 9*v - 45 + 5*v - 21*v. Let u = 15 + 2. What is the units digit of d(u)?
6
Let h = -1407 - -7137. What is the tens digit of h?
3
Let q(r) = 18*r**2 + 18*r - 52. What is the tens digit of q(-19)?
0
Let u(i) be the second derivative of 19*i**3/6 - 7*i**2/2 + 9*i. Let p(v) = v**2 - 11*v + 4. Let y be p(11). What is the tens digit of u(y)?
6
Let u(f) = -f - 47. Let i be u(-11). Let l = 33 + i. What is the tens digit of 0 - 24*8/l?
6
Suppose -5*c - 5*k = -11005, -k = -3*c + 10645 - 4030. Let o(l) = l**3 - 2*l**2 - 7. Let s be o(3). What is the units digit of s/7 + c/28?
9
Let k(t) = 21*t + 214. Suppose 0 = 2*a - 0*a - 4*i - 36, 0 = 2*a - 2*i - 32. What is the hundreds digit of k(a)?
5
Let h(v) = 3*v - 52. Let z(o) = -7*o + 104. Let k(d) = -13*h(d) - 6*z(d). Let a be k(-15). Suppose 69 = a*b - 141. What is the units digit of b?
0
Let i be 27/(-63) - 62/(-14). Suppose 605 = i*z + 17*o - 16*o, -6 = 2*o. What is the tens digit of z?
5
Let p be ((-1444)/6 - (-9)/(-27))*-1. Let q = p + 189. Suppose 0 = -4*l + j + q, -j = 4*l - 0*j - 426. What is the units digit of l?
7
Let l = 25736 + -14641. Suppose 0 = 20*t - l + 435. What is the hundreds digit of t?
5
Let i(l) = 27*l**2 - 11*l + 385. What is the hundreds digit of i(-15)?
6
Let l be (50/35)/(5/35). Suppose -l*d + 11*d - 1 = 0. Suppose -a - 4*v = -6, v + 1 = -d. What is the tens digit of a?
1
Let f(w) = 4*w**2 + 2*w + 20. Let u = 36 - 46. Let c be f(u). Suppose 3*i = 8*i - c. What is the units digit of i?
0
Let l = 28 - 25. Suppose -2*h + 106 = -2*d, 59 = h - 2*d + l*d. What is the tens digit of h?
5
Let g(a) = a**3 - 34*a**2 - 37*a + 733. What is the tens digit of g(47)?
1
Let c(a) = 1319*a**2 + 11*a + 1. Let i be c(-1). Let b = 2233 - i. What is the units digit of b?
4
Suppose 1395040 = 97*a - 133*a + 68*a. What is the ten thousands digit of a?
4
Let r be ((-297)/(-1))/(9/6). Suppose 0 = 11*w - 1430 + 319. Suppose -r = 98*n - w*n. What is the tens digit of n?
6
Let a(q) = 21*q**2 + 1970*q - 238. What is the tens digit of a(-109)?
3
Suppose 102 = m - 4*m. Let n = 21 + 25. Let p = m + n. What is the tens digit of p?
1
Let m = -345 + 358. Let w = m - -255. What is the hundreds digit of w?
2
Suppose -11*q - 165 = -0*q. Let r = -16 - q. What is the units digit of (((-106)/(-4))/(1/(-2)))/r?
3
Let z(k) = -46*k**3 + 37*k**2 - 35*k - 131. What is the units digit of z(-7)?
5
Let u be (-24)/(-7)*105/10. Suppose 0 = 11*r - u + 3. Suppose -90 = -r*d + 501. What is the tens digit of d?
9
Suppose -w + 3*w = 6. Suppose -4*x - 5*y = -481, 4*x - 2*y - w*y = 431. Suppose 5*m - 2*o - 158 = 0, o = -5*m + x + 32. What is the tens digit of m?
3
Let o = 11943 + -2037. What is the hundreds digit of o?
9
What is the hundreds digit of 8/(-5) + (-207712)/(-20) - 8?
3
Suppose -2*k + 7 = 1. Suppose 0 = -3*n + s + 19, -n + 23 = k*s - 0*s. What is the tens digit of (n/36 - 206/36)*-20?
1
Let h be 8*(-2)/(-2) + -4. Suppose -4*g + 2333 = h*z + 333, 2*g - 2497 = -5*z. Suppose -5*l - 79 + z = 0. What is the units digit of l?
4
Let a be (-19202)/(-18) + 4 + (-4)/(-18). Let x = a + -759. What is the tens digit of x?
1
Suppose -7*o - 210 = -0*o. Let h be (14*(-9)/o)/(2/(-70)). Let x = 289 + h. What is the hundreds digit of x?
1
Suppose -5*n + 102 = 32. Suppose -8*c - 18 = -n*c. Suppose -4*p = -c*l + 645 - 91, l = 4*p + 174. What is the hundreds digit of l?
1
Suppose 18*t + 4635 = 9*t. Let k = t - -1099. What is the units digit of k?
4
Let l = -4880 + 13374. Suppose l + 1937 = 9*s. What is the hundreds digit of s?
1
Suppose 567*l = 128*l + 15916823. What is the ten thousands digit of l?
3
Suppose -f - w = -980, 0 = 4*f - 7*w + 5*w - 3902. What is the hundreds digit of f?
9
Let t(u) = -60*u - 3189. What is the hundreds digit of t(-66)?
7
Suppose -62302 = 88*d - 16*d - 1162966. What is the tens digit of d?
8
Let d = -79 + 81. Suppose -d*o = -4*z - 600, 902 = 3*o - 2*z - 3*z. Suppose -6*m + o = 2*m. What is the tens digit of m?
3
Let k(u) = u**3 - 25*u**2 + 47*u - 23. Let v be k(23). Suppose v = 2*l - 2*n - 1940, -8*n + 3*n = -2*l + 1946. What is the units digit of l?
8
Let t(k) = -16*k - 123. Let v be t(-8). Suppose 0 = -3*i - 10 - 8. What is the units dig